me factors of h(1).
2, 5
Suppose 5*f - 417 = -4*v, 4*v = 4*f - 5*f + 93. What are the prime factors of f?
3
Let a be (4/(-5))/(10/(-225)). Suppose -5*k = -103 + a. What are the prime factors of k?
17
Let r = 218 - 94. List the prime factors of r.
2, 31
Let v(z) = z - 1. Let w(u) = u**2 - 7*u + 8. Let r(n) = 4*v(n) + w(n). Let l be r(3). List the prime factors of (-47)/(-9) - l/18.
5
Suppose -13*k - 1890 + 6401 = 0. List the prime factors of k.
347
Let f(c) = -c**3 + 8*c**2 - 8*c + 5. What are the prime factors of f(5)?
2, 5
Let h(g) = -g**3 - 3*g**2 + g + 10. List the prime factors of h(-5).
5, 11
Let t(m) = -m**3 - 3*m**2 + 3*m + 1. Let v be t(-4). Let u(y) = -y**3 + 4*y**2 + 8*y - 4. What are the prime factors of u(v)?
11
Suppose -4*h = 3 - 11. Suppose 2*c = 4*c + h. List the prime factors of 2 - ((1 - c) + -3).
3
What are the prime factors of 6/(-14) - (-408)/21?
19
Suppose -10*a + 3024 = -2*a. What are the prime factors of a?
2, 3, 7
Let p = 1 + 0. Suppose p = v - 3. Suppose 2*h + 14 = v*h. What are the prime factors of h?
7
Let v be (-4)/(2/(-4)*2). Suppose m + m + u = 8, -2*m + 2*u - v = 0. What are the prime factors of m?
2
Let w(k) = -k**2 - 9*k + 12. Let u(c) = 3*c - 4. Let m be u(-2). List the prime factors of w(m).
2
Suppose 0 = -0*k - k + 15. Let f = k - 6. Let z(t) = t**2 - 8*t + 5. List the prime factors of z(f).
2, 7
Suppose c + 3 = 2*c. Suppose 19 = c*p - 20. List the prime factors of p.
13
Suppose -2*o - 5*v + 6 = 0, 0*o - 3 = -o - 2*v. Suppose -5 = -4*k + o. What are the prime factors of (10/(-4) - k)*-2?
3
Suppose 2*i - 180 = q, i - q = 5*i - 360. List the prime factors of i.
2, 3, 5
Let n be 1 - (1 + -1 + 6). Suppose 0 = t - 5*v - 2, 0 = t - 4*v + 1 - 4. Let i = t - n. List the prime factors of i.
2, 3
Suppose -2*n + 54 = -12. Suppose 2*r - 17 - n = 0. What are the prime factors of r?
5
Let z(i) = i**2 + 4*i - 6. List the prime factors of z(6).
2, 3
Let n(i) = -3*i - 4. List the prime factors of n(-7).
17
Let w be 30/(-3) - (0 - 0). List the prime factors of 4/w - (-216)/15.
2, 7
What are the prime factors of 55/(-10)*1*-8?
2, 11
Let x(d) = 3*d - 3. Let v be ((-3)/(-2))/((-12)/(-16)). Suppose r = 4*r - 5*y - 20, -4*y = v*r - 6. List the prime factors of x(r).
2, 3
Let c = -26 + 46. Let b = c + -9. What are the prime factors of b?
11
Let j(a) = -6*a**2 - a**3 - a - 15 + 10 + 13. List the prime factors of j(-6).
2, 7
Suppose 5*a - 19 = -5*z - 49, 0 = -z + a. Let w be (z/(-9))/((-3)/(-9)). List the prime factors of 8*(w + -2 + 2).
2
Let c(q) = -8*q - 4 - q**2 + 0*q - 1. List the prime factors of c(-5).
2, 5
Let o(v) = v**3 - 5*v**2 + 3*v + 4. Let i be o(4). Suppose -4*p + 5*f + 28 = -i*f, 2*p - 4*f = 14. What are the prime factors of p?
7
Let c = -1 + 3. Suppose -22 + c = -4*i. List the prime factors of i.
5
Let v = 26 - 15. List the prime factors of v.
11
Suppose v - 34 = -v. What are the prime factors of v?
17
What are the prime factors of 4/(0 + -2) - -13?
11
Suppose 508 = -0*d + 4*d. What are the prime factors of d?
127
Let k = 9 + -5. Let c = k + 1. Let q = c - -5. What are the prime factors of q?
2, 5
What are the prime factors of (48 + 5)/(-3 - -4)?
53
Suppose -2*x = -0*x + 5*o - 10, 3*x + 2*o = 4. Suppose -4*f + 4*b = -108, -3*f - b - 4*b + 81 = x. List the prime factors of f.
3
Let d be ((-80)/6)/1*12/(-8). Let g = 1 + -1. Suppose 3*q = 5*q + z - 5, g = q - 3*z - d. What are the prime factors of q?
5
Let c be 6/((-1)/2*-4). Let b(x) = x**3 - 6*x**2 + 6*x - 5. Let a be b(5). Let k = c - a. What are the prime factors of k?
3
Let q(o) = -o - 4. Suppose 3*x - 22 = 188. Let j be 6/(-27) - x/9. What are the prime factors of q(j)?
2
Suppose 4*d + 3*x = 839, -4*d + d = -2*x - 625. What are the prime factors of d?
11, 19
Suppose -163 = -3*n - 2*z, -4*n + 0*z = 2*z - 214. What are the prime factors of n?
3, 17
Let p(o) be the third derivative of -o**6/120 - o**5/10 - 5*o**4/24 + 7*o**3/6 + 2*o**2. What are the prime factors of p(-5)?
7
Suppose -x + 49 = 5*p, 0*x + 2*x = -3*p + 133. List the prime factors of x.
2, 37
Suppose 0 = 8*j - 4*j - 2*o - 1016, 5*j - 1281 = -3*o. List the prime factors of j.
3, 5, 17
Suppose -3*x = 3*y - 123, 3*x + y - 53 - 72 = 0. What are the prime factors of x?
2, 3, 7
Let b(y) = -y**3 - 14*y**2 - y - 10. Let v be b(-14). What are the prime factors of (4 - 4)/v + 52?
2, 13
Suppose 0*r - 2*r - 2 = 0. Let p be (-4)/(4/3 + r). What are the prime factors of p/8*16/(-3)?
2
Suppose 2*w - 3 = 3*w. Let d be -1*1 - (-3 + w). Suppose 0 = 3*f + x - 38, 7 = 3*f - d*x - 1. List the prime factors of f.
11
Let i(s) = s**2 - 3*s + 4. Let h be i(3). Suppose z + 3 + 1 = 3*v, 0 = -3*z + h*v + 3. Suppose 4*d - z = 11. What are the prime factors of d?
2
List the prime factors of -303*1*(-3)/9.
101
Suppose 824 = -61*d + 65*d. List the prime factors of d.
2, 103
Suppose -4*i + 26 = 3*c + 9, -2 = -4*i + 2*c. Let j(u) = 3*u**3 - 3*u**2. What are the prime factors of j(i)?
2, 3
Suppose 0 = -2*p + 4*j + 94, -8*p - j + 152 = -4*p. List the prime factors of p.
3, 13
Let y(k) = k + 24. What are the prime factors of y(-11)?
13
Suppose 0 = -5*x + 3*c + 30 + 90, 0 = 3*x + 4*c - 72. Let s(j) = j - 4. Let d be s(4). Suppose -5*n + x + 1 = d. What are the prime factors of n?
5
Let j(t) = -t**2 - 13*t - 13. Let q be j(-9). List the prime factors of q - (-5)/(5/3).
2, 13
Suppose 2 + 0 = a, 4*n - a = 598. List the prime factors of n.
2, 3, 5
Let t(v) = 22*v**2 - 12*v + 2. List the prime factors of t(3).
2, 41
Let s(v) = 15 + 5 + v + 0 - 1. What are the prime factors of s(13)?
2
Suppose -m + 72 = -3*p, -2*m - 2*m - p + 314 = 0. List the prime factors of m.
2, 3, 13
Let s = -51 - 11. Let p = s + 112. List the prime factors of p.
2, 5
Let x = 2 + -4. Let t = 3 - x. What are the prime factors of t?
5
Suppose -102 = -2*i + 88. List the prime factors of i.
5, 19
Suppose 2*k + 3*k = 115. Let q = k + -15. List the prime factors of q.
2
Let i = 77 - 52. Suppose -c = 2*s - i, c - 19 = 5*s - 8. List the prime factors of c.
3, 7
Let z = -237 + 395. List the prime factors of z.
2, 79
Let i = 3 + -5. Let z be 2 - i*(2 + 1). What are the prime factors of (-4)/(z/3)*-10?
3, 5
Let d be (-74)/(-6) + 4/(-12). Let a = 24 - d. What are the prime factors of a?
2, 3
Let v = 8 - 3. Suppose v*o + 2 = 3*p, 0 = p + o - 3 - 3. List the prime factors of 24/(-32) + 31/p.
7
Suppose 7*x - 4*x = 144. Suppose -6*p + 2*p - 4*n = -x, -4*p + 3 = -5*n. Let q(a) = a**3 - 6*a**2 - 7*a + 9. What are the prime factors of q(p)?
3
Let v(a) be the second derivative of -a**5/60 - 11*a**4/24 + a**3/3 - 2*a. Let k(g) be the second derivative of v(g). What are the prime factors of k(-10)?
3
Let o(s) = 2*s - 12. Let w be (-8)/20 - 2/(-5). Let x be w/(5 - 2) + 8. List the prime factors of o(x).
2
Let w = 14 + -11. Suppose -4*y = -w*b + 21 + 98, -y - 71 = -2*b. List the prime factors of b.
3, 11
Let u(t) = 13*t**2 - t. What are the prime factors of u(-2)?
2, 3
Let i(l) = -8*l + 12. Let q(j) = -3*j + 5. Let b(p) = -5*i(p) + 12*q(p). What are the prime factors of b(5)?
2, 5
Suppose -3*k = -2 - 7. Suppose -2*z = 2*z - 3*l + 44, -3*z - 33 = -l. List the prime factors of (-12)/18 - z/k.
3
Let u be (-2)/(-11) - 79/11. List the prime factors of (-3)/(-12) - u/4.
2
Let p be 2 + 3/((-4)/4). List the prime factors of ((-2)/(-4) + p)*-58.
29
Let v(n) = n + 17. Suppose 7*g = 4*g. Suppose 2*z - 6*z = g. List the prime factors of v(z).
17
What are the prime factors of (-2*(-209)/(-4))/(1/(-2))?
11, 19
Let i = 49 + 6. Suppose c - 5*x + i = 5*c, -c + x + 16 = 0. List the prime factors of c.
3, 5
Let s(v) = 2*v + v**2 - 2 + 1 + 9. What are the prime factors of s(-6)?
2
What are the prime factors of (-10)/3*(-72)/2?
2, 3, 5
Suppose -29 = -4*a - 9. Suppose 18 = a*h - 42. What are the prime factors of h?
2, 3
Let b(s) = s**2 + 2*s - 4. Let g be b(4). Suppose -2*m = -0*m - g. List the prime factors of m.
2, 5
Suppose 10*g + 108 = 13*g. Suppose 2*b + 57 = 4*q + 5*b, 0 = 4*q - 4*b - g. List the prime factors of q.
2, 3
Suppose 5*t - 1008 = -4*y, 609 = 3*t + 2*y - y. What are the prime factors of t?
2, 3, 17
Let n be 0 + 0 + (2 - -1). Suppose 2*w = n*a + 4*w - 26, -4*a = -2*w - 30. List the prime factors of a.
2
Suppose 2*m - 224 = 5*j, m - 110 - 32 = -5*j. List the prime factors of m.
2, 61
Let a = -9 - -36.